is divided by 26?
24
Suppose -5*p + 77 = -18. Let u(x) = 3*x - 5. Calculate the remainder when p is divided by u(4).
5
Suppose x - 16 = -g, -g + 11 = -2*x + 37. Calculate the remainder when x is divided by 7.
0
What is the remainder when 165/(-44)*(-272)/6 is divided by 25?
20
Let o = -26243 - -26248. Suppose c + 4 - 9 = 0. Calculate the remainder when o is divided by c.
0
Suppose 9*q - 1177 - 389 = 0. Suppose 2*g = 0, d + 5*g - 88 = -d. What is the remainder when q is divided by d?
42
Let p = 45 + -15. Suppose -c + p = c. What is the remainder when 56 is divided by c?
11
Suppose -3*x + 2*h + 48 = x, -5*h - 60 = -4*x. What is the remainder when 646 is divided by x?
6
Suppose -2*f + g = -57, g + 1 = -0*g. Suppose -u + 3*l = -f + 9, -29 = -u + 5*l. What is the remainder when 11 is divided by u?
3
What is the remainder when 187 is divided by ((-819)/(-65))/(1/5)?
61
Suppose 0 = -2*u + 8 + 18. What is the remainder when 18 + 0 - 4/(-2) is divided by u?
7
Suppose -2*y - 4*y + 84 = 0. What is the remainder when 35 is divided by y?
7
Let b(z) be the first derivative of z**4/4 + z**2/2 + 10*z - 523. Let r(u) = -u**3 + u**2 - u. Let w be r(0). What is the remainder when 59 is divided by b(w)?
9
Let k(x) = 6*x - 8. Let b = -1 + 4. Suppose i + b*i - 77 = j, -100 = -5*i + 2*j. Calculate the remainder when k(13) is divided by i.
16
Let p(i) = 2*i**2 + 33*i - 13. What is the remainder when p(-17) is divided by 2?
0
Let l(t) = -2*t**3 - 4*t - 5. What is the remainder when l(-4) is divided by 47?
45
Suppose -5*q + 43 + 68 = 3*i, -q = -i + 29. Calculate the remainder when 159 is divided by i.
31
Suppose -5*a - 4*s = -22, 5*s - 6 - 8 = -4*a. Let w = 22 + 5. Calculate the remainder when w is divided by a.
3
Calculate the remainder when 101 is divided by -3*(6/(-4))/(48/32).
2
Suppose -4*g + 4*l - 27 = -295, 3*g = -5*l + 241. Calculate the remainder when g is divided by (-3)/(-10)*575/(-46)*-4.
12
Let j = -109 + 114. Suppose -4*u + 3*b + 48 = -b, 10 = j*u + 5*b. Calculate the remainder when u is divided by 3.
1
Let b be (-2)/((-16)/(-2)) - (-315)/12. Suppose a + 34 = 2*z - 3*a, -b = -2*z + 2*a. What is the remainder when z is divided by 3?
0
Let f(m) = m**2 - 9*m - 33. What is the remainder when 6 is divided by f(12)?
0
Let r(y) = -8*y - 5. Calculate the remainder when r(-6) is divided by (-10)/(-4)*1496/170.
21
Let l(u) = -u**3 + 5*u**2 + 3*u - 5. Suppose -4*q + 4*s + 25 = 5*s, 4*s - 20 = 0. What is the remainder when 35 is divided by l(q)?
5
Let z be (12/(-10))/(3/(-10)). Suppose 0 = z*d + 7 - 11. What is the remainder when 27 is divided by d/(-7) + 639/63?
7
Suppose 2*h = -3*h + 3*y + 17, -2*h + 2*y + 10 = 0. Let n = 11 - h. Let m(b) = -b**2 + 10*b + 4. Calculate the remainder when 5 is divided by m(n).
1
Suppose -5*j = 5*w - 95, 0*j + 2*j - 4*w = 8. Suppose 0 = 2*i + 4*u - j, -i = 5*u - 10. Suppose -88 - 6 = -47*a. What is the remainder when i is divided by a?
1
Let u(a) = a**3 + 2*a - 2. Let c be u(2). Suppose c = 4*k - 42. What is the remainder when 22 is divided by k?
9
Suppose 0 = 290*i - 316*i + 520. What is the remainder when 77 is divided by i?
17
Suppose -20*w - 184 + 3424 = 0. Calculate the remainder when w is divided by 33.
30
Suppose 2*z - 7 = -3. Suppose -v + 13 = -2*h, -24 = -2*v - 0*v + z*h. What is the remainder when (56/32)/(2/24) is divided by v?
10
Let q = 42 - 38. Let i = 4 + q. What is the remainder when 27 is divided by i?
3
Suppose 2*k - 62 = 2*o, 0 = -3*k - o - 4*o + 101. Calculate the remainder when 43 is divided by k.
11
Let f(q) = -3*q + 2. Let g(a) = -7*a + 4. Let r(y) = 5*f(y) - 2*g(y). What is the remainder when 16 is divided by r(-1)?
1
Let w(r) = 11*r - 141. What is the remainder when 364 is divided by w(17)?
42
Suppose -5*y = 0, 0 = 2*g + 9*y - 11*y - 606. What is the remainder when g is divided by 99?
6
Let b(u) = -11*u**2 - u**3 + 16*u**2 + 8 + 15*u**2. Calculate the remainder when 12 is divided by b(20).
4
Suppose -2*k = -4*j + 102, 9*k = 10*k - 1. Let f(b) = b**2 - 4*b + 3. What is the remainder when j is divided by f(5)?
2
Suppose 2*f - 3225 = 1701. Calculate the remainder when f is divided by 56.
55
What is the remainder when 149 is divided by (1/(-2))/((-36)/2808)?
32
Suppose 0 = -5*r - 5, -3*r = -4*h - 0*r + 95. Calculate the remainder when h is divided by ((-50)/(-6) - 1) + (-52)/(-78).
7
Suppose -6*v + 353 = 137. Let a(n) = -2*n**3 - 29*n**2 - 17*n + 29. Calculate the remainder when a(-14) is divided by v.
35
Suppose -72*q + 2219 = -157. What is the remainder when 89 is divided by q?
23
Let m = 9 + -10. Let o be (5 + m)/(2/16). Calculate the remainder when 6 is divided by (2/8)/(4/o).
0
Let s(r) = 2*r**3 - 68*r + 31. Calculate the remainder when s(7) is divided by 38.
13
Suppose 3*k - 4 = 5*b, -3*b - 1 = 3*k - 13. Let f = 1 - -12. Calculate the remainder when (-100)/8*(-3 + b) is divided by f.
12
Let q(o) = 4*o + 200. Let n be q(0). Suppose 4*v - 5*i - 194 = 0, -n = -4*v + 3*i - i. Calculate the remainder when v is divided by 26.
25
Suppose 0 = -5*f + 4*k + 2162, -k + 16 = 19. What is the remainder when f is divided by 108?
106
Let r = 12 + 12. Suppose -5*g + r + 216 = 0. Suppose 13 - g = -5*h. What is the remainder when 10 is divided by h?
3
Let u(d) = d**2 + 19*d + 14. Calculate the remainder when u(-20) is divided by 12.
10
Let r = 1784 + -1757. What is the remainder when 28 is divided by r?
1
Let p(r) = -r**3 - 35*r**2 + 71*r - 63. Calculate the remainder when 142 is divided by p(-37).
46
Let i be ((-9)/5)/(15/(-275)). Let z(c) = 2*c - 53. What is the remainder when z(i) is divided by 2?
1
Let q = -4 + 20. What is the remainder when ((-30)/24)/(2/(-8)) is divided by (q/2)/4 + 0?
1
Suppose 5*w + 18 = 7*w. Suppose 20 = w*x - 4*x. Suppose -j + 5 = -x. What is the remainder when 24 is divided by j?
6
Let w(v) = -v**2 + 12*v + 41. Calculate the remainder when w(13) is divided by 11.
6
Suppose -45*p = -5398 - 8282. Calculate the remainder when p is divided by 105.
94
Suppose 3*l + 2*z = -2*z + 98, -z = -l + 21. Let i = 6 - -8. Let m = i + l. Calculate the remainder when m is divided by 21.
19
Let c be (-5)/4 - (-3)/12. Calculate the remainder when 21/9 + (-4288)/(-96) is divided by (c*16)/((-2)/2).
15
Let s be (-3 - -3)/(-5) + 4. Suppose 4*r - 220 = k + 4*k, 16 = -s*k. What is the remainder when 99 is divided by r?
49
What is the remainder when 21/(-14) + (-37)/(-2) is divided by 4?
1
Let f be (2 - -3)*(-308)/(-20). Let k = -54 + f. Suppose 0 = t + 3*x - 76, -4*t + 195 = x - 164. Calculate the remainder when t is divided by k.
22
Let g = 1742 + -1202. What is the remainder when g is divided by 16?
12
Let x(a) = -a**2 + 17*a - 13. Let b be x(12). Suppose -w + b - 15 = 0. Calculate the remainder when 59 is divided by w.
27
Suppose 5*h + 128 = 4*q - 0*h, -3*q + 96 = -4*h. Suppose 4*j = 5*c - 68, j + 2*j + c + 32 = 0. Let i = j - -23. What is the remainder when q is divided by i?
10
Let q be (-7)/(-5) + 6/10. Suppose 0 = 5*t + 2*c - 19, 2*t = -q*t + 3*c + 29. Suppose -1 = 5*n - 61. Calculate the remainder when n is divided by t.
2
Let m = -114 - -209. Let u = -14 + 30. Calculate the remainder when m is divided by u.
15
What is the remainder when 113 is divided by 6 + (2 - (-7 + -24))?
35
Let x(l) = l**3 - 4*l**2 - l + 10. Calculate the remainder when 346 is divided by x(5).
16
Let d(o) = -o**3 + 4*o**2. Let w be ((-1)/3)/(6/(-54)). Let y(m) = 36*m - 343. Calculate the remainder when y(10) is divided by d(w).
8
Suppose -114 = -5*p + 721. Calculate the remainder when p is divided by 80.
7
Let t(g) = 13*g**2 - 2*g - 2. Let z be t(-1). Suppose 362 + z = 3*w. What is the remainder when w is divided by 42?
41
Suppose -4*a + 274 = 2*z, z = 3*a - 192 - 26. What is the remainder when 153 is divided by a?
11
Let f(q) = 7*q - 22. Let d(b) = b + 14. Let x be d(-9). Calculate the remainder when 62 is divided by f(x).
10
Let d(p) = -7*p + 38. Let t be d(-8). Let n = -62 + t. Calculate the remainder when n is divided by 3.
2
What is the remainder when 12/(-2 - 402/(-192)) is divided by 33?
29
Calculate the remainder when (2/(-3))/(-19 - (-2550)/135) is divided by (-2 + 3)/((-2)/(-12)).
0
Suppose q + 23 - 28 = 0. What is the remainder when 37 is divided by q?
2
Let y = -18 + 23. Let k = y + -5. Suppose -4*v + 5*c = -45, -c - 10 = -v -